
61
Calculate the remainder when 19 is divided by 13.
6
Calculate the remainder when 575 is divided by 32.
31
Calculate the remainder when 137 is divided by 63.
11
Calculate the remainder when 7069 is divided by 26.
23
What is the remainder when 909 is divided by 303?
0
Calculate the remainder when 140 is divided by 37.
29
What is the remainder when 239 is divided by 40?
39
Calculate the remainder when 624 is divided by 90.
84
What is the remainder when 242 is divided by 42?
32
What is the remainder when 24 is divided by 11?
2
Calculate the remainder when 38 is divided by 2.
0
What is the remainder when 47 is divided by 8?
7
What is the remainder when 188 is divided by 9?
8
Calculate the remainder when 798 is divided by 291.
216
Calculate the remainder when 1376 is divided by 106.
104
What is the remainder when 959 is divided by 60?
59
Calculate the remainder when 204 is divided by 53.
45
What is the remainder when 3037 is divided by 62?
61
What is the remainder when 625 is divided by 20?
5
Calculate the remainder when 368 is divided by 71.
13
Calculate the remainder when 4748 is divided by 19.
17
Calculate the remainder when 361 is divided by 180.
1
What is the remainder when 247 is divided by 107?
33
What is the remainder when 1132 is divided by 295?
247
Calculate the remainder when 685 is divided by 16.
13
What is the remainder when 977 is divided by 322?
11
Calculate the remainder when 510 is divided by 12.
6
Calculate the remainder when 3891 is divided by 1295.
6
What is the remainder when 151 is divided by 50?
1
Calculate the remainder when 596 is divided by 46.
44
Calculate the remainder when 820 is divided by 8.
4
Calculate the remainder when 3012 is divided by 33.
9
What is the remainder when 256 is divided by 6?
4
What is the remainder when 138 is divided by 75?
63
What is the remainder when 35 is divided by 3?
2
What is the remainder when 876 is divided by 273?
57
Calculate the remainder when 2712 is divided by 1350.
12
Calculate the remainder when 116 is divided by 62.
54
Calculate the remainder when 74 is divided by 20.
14
Calculate the remainder when 179 is divided by 61.
57
Calculate the remainder when 1478 is divided by 13.
9
Calculate the remainder when 1141 is divided by 9.
7
What is the remainder when 549 is divided by 11?
10
What is the remainder when 323 is divided by 22?
15
What is the remainder when 24 is divided by 6?
0
What is the remainder when 207 is divided by 42?
39
What is the remainder when 42622 is divided by 288?
286
What is the remainder when 6205 is divided by 2067?
4
Calculate the remainder when 738 is divided by 148.
146
What is the remainder when 1121 is divided by 234?
185
Calculate the remainder when 475 is divided by 461.
14
Calculate the remainder when 208 is divided by 67.
7
Calculate the remainder when 500 is divided by 133.
101
What is the remainder when 609 is divided by 36?
33
What is the remainder when 3151 is divided by 315?
1
Calculate the remainder when 1771 is divided by 293.
13
Calculate the remainder when 3177 is divided by 60.
57
What is the remainder when 285 is divided by 6?
3
What is the remainder when 301 is divided by 94?
19
What is the remainder when 106 is divided by 12?
10
Calculate the remainder when 48 is divided by 15.
3
What is the remainder when 202 is divided by 17?
15
Calculate the remainder when 4172 is divided by 174.
170
What is the remainder when 134 is divided by 23?
19
Calculate the remainder when 227 is divided by 56.
3
What is the remainder when 539 is divided by 17?
12
What is the remainder when 119 is divided by 41?
37
What is the remainder when 196 is divided by 50?
46
What is the remainder when 101 is divided by 27?
20
What is the remainder when 251 is divided by 66?
53
Calculate the remainder when 78 is divided by 14.
8
Calculate the remainder when 491 is divided by 45.
41
Calculate the remainder when 50 is divided by 18.
14
Calculate the remainder when 247 is divided by 84.
79
What is the remainder when 5731 is divided by 91?
89
What is the remainder when 94 is divided by 50?
44
What is the remainder when 1025 is divided by 339?
8
What is the remainder when 1562 is divided by 92?
90
What is the remainder when 327 is divided by 10?
7
Calculate the remainder when 1606 is divided by 35.
31
Calculate the remainder when 228 is divided by 46.
44
Calculate the remainder when 272 is divided by 86.
14
What is the remainder when 542 is divided by 143?
113
Calculate the remainder when 1503 is divided by 32.
31
Calculate the remainder when 159 is divided by 54.
51
What is the remainder when 641 is divided by 104?
17
What is the remainder when 281 is divided by 47?
46
Calculate the remainder when 342 is divided by 54.
18
What is the remainder when 1058 is divided by 118?
114
Calculate the remainder when 16 is divided by 3.
1
What is the remainder when 368 is divided by 183?
2
Calculate the remainder when 63 is divided by 45.
18
Calculate the remainder when 812 is divided by 69.
53
What is the remainder when 106 is divided by 38?
30
What is the remainder when 552 is divided by 177?
21
Calculate the remainder when 227 is divided by 115.
112
What is the remainder when 321 is divided by 31?
11
Calculate the remainder when 2407 is divided by 299.
15
Calculate the remainder when 16 is divided by 5.
1
What is the remainder when 1568 is divided by 421?
305
What is the remainder when 626 is divided by 33?
32
What is the remainder when 3838 is divided by 5?
3
What is the remainder when 13 is divided by 8?
5
Calculate the remainder when 460 is divided by 151.
7
Calculate the remainder when 453 is divided by 99.
57
What is the remainder when 40 is divided by 16?
8
Calculate the remainder when 83 is divided by 22.
17
What is the remainder when 338 is divided by 10?
8
Calculate the remainder when 2300 is divided by 59.
58
Calculate the remainder when 150 is divided by 70.
10
Calculate the remainder when 656 is divided by 28.
12
What is the remainder when 1120 is divided by 123?
13
What is the remainder when 1955 is divided by 379?
60
Calculate the remainder when 51 is divided by 19.
13
What is the remainder when 489 is divided by 429?
60
What is the remainder when 76 is divided by 26?
24
What is the remainder when 359 is divided by 30?
29
What is the remainder when 6155 is divided by 6?
5
What is the remainder when 4769 is divided by 170?
9
What is the remainder when 655 is divided by 123?
40
What is the remainder when 501 is divided by 21?
18
What is the remainder when 715 is divided by 7?
1
What is the remainder when 979 is divided by 45?
34
Calculate the remainder when 409 is divided by 227.
182
What is the remainder when 258 is divided by 13?
11
What is the remainder when 51 is divided by 36?
15
Calculate the remainder when 9077 is divided by 20.
17
Calculate the remainder when 2202 is divided by 532.
74
Calculate the remainder when 393 is divided by 78.
3
Calculate the remainder when 1258 is divided by 15.
13
Calculate the remainder when 73 is divided by 38.
35
What is the remainder when 345 is divided by 11?
4
What is the remainder when 556 is divided by 155?
91
What is the remainder when 28511 is divided by 12?
11
What is the remainder when 4642 is divided by 166?
160
What is the remainder when 153 is divided by 75?
3
What is the remainder when 585 is divided by 98?
95
What is the remainder when 201 is divided by 58?
27
Calculate the remainder when 2064 is divided by 104.
88
Calculate the remainder when 140 is divided by 9.
5
Calculate the remainder when 236 is divided by 22.
16
What is the remainder when 105 is divided by 22?
17
What is the remainder when 1221 is divided by 85?
31
What is the remainder when 259 is divided by 11?
6
Calculate the remainder when 65 is divided by 12.
5
What is the remainder when 692 is divided by 336?
20
What is the remainder when 1327 is divided by 192?
175
What is the remainder when 39 is divided by 25?
14
Calculate the remainder when 614 is divided by 19.
6
What is the remainder when 878 is divided by 436?
6
Calculate the remainder when 661 is divided by 649.
12
What is the remainder when 185 is divided by 91?
3
What is the remainder when 814 is divided by 134?
10
What is the remainder when 879 is divided by 21?
18
Calculate the remainder whe